{"id":905,"date":"2019-02-05T13:12:27","date_gmt":"2019-02-05T11:12:27","guid":{"rendered":"http:\/\/www.similanratsutila.fi\/?page_id=905"},"modified":"2022-01-31T15:45:18","modified_gmt":"2022-01-31T13:45:18","slug":"anssi","status":"publish","type":"page","link":"https:\/\/www.similanratsutila.fi\/?page_id=905","title":{"rendered":"Anssi"},"content":{"rendered":"<p>\u00a0<\/p>\n<p>Balanssi-Toivo 1.7.2015<\/p>\n<p>Anssi<\/p>\n<p>i R. T. Kajaus<\/p>\n<p>e Barbaralli<\/p>\n<p>ei Patrik<\/p>\n<p>Anssi on yst\u00e4v\u00e4llinen ja rohkea nuori.<\/p>\n<p>Anssi on koulutettu ja kilpaillut aluetasolla HeA luokissa<\/p>\n<p>Anssilla on aina hyv\u00e4 p\u00e4iv\u00e4!<\/p>\n<p>\u00a0<\/p>\n\n\n<figure class=\"wp-block-gallery columns-0 is-cropped wp-block-gallery-1 is-layout-flex wp-block-gallery-is-layout-flex\"><ul class=\"blocks-gallery-grid\"><\/ul><\/figure>\n\n\n\n<figure class=\"wp-block-image size-full\"><a href=\"https:\/\/www.similanratsutila.fi\/wp-content\/uploads\/2022\/01\/6AC7B2FB-CA0F-4483-BAAC-2E71B166852B.jpeg\"><img loading=\"lazy\" decoding=\"async\" width=\"936\" height=\"723\" src=\"https:\/\/www.similanratsutila.fi\/wp-content\/uploads\/2022\/01\/6AC7B2FB-CA0F-4483-BAAC-2E71B166852B.jpeg\" alt=\"\" class=\"wp-image-1183\" srcset=\"https:\/\/www.similanratsutila.fi\/wp-content\/uploads\/2022\/01\/6AC7B2FB-CA0F-4483-BAAC-2E71B166852B.jpeg 936w, https:\/\/www.similanratsutila.fi\/wp-content\/uploads\/2022\/01\/6AC7B2FB-CA0F-4483-BAAC-2E71B166852B-300x232.jpeg 300w, https:\/\/www.similanratsutila.fi\/wp-content\/uploads\/2022\/01\/6AC7B2FB-CA0F-4483-BAAC-2E71B166852B-768x593.jpeg 768w\" sizes=\"auto, (max-width: 936px) 100vw, 936px\" \/><\/a><\/figure>\n\n\n\n<figure class=\"wp-block-image size-large is-resized\"><a href=\"https:\/\/www.similanratsutila.fi\/wp-content\/uploads\/2019\/02\/83E5D1DC-4818-448A-A19B-5993352CB1D9.jpeg\"><img loading=\"lazy\" decoding=\"async\" src=\"https:\/\/www.similanratsutila.fi\/wp-content\/uploads\/2019\/02\/83E5D1DC-4818-448A-A19B-5993352CB1D9-1024x676.jpeg\" alt=\"\" class=\"wp-image-920\" width=\"898\" height=\"592\" srcset=\"https:\/\/www.similanratsutila.fi\/wp-content\/uploads\/2019\/02\/83E5D1DC-4818-448A-A19B-5993352CB1D9-1024x676.jpeg 1024w, https:\/\/www.similanratsutila.fi\/wp-content\/uploads\/2019\/02\/83E5D1DC-4818-448A-A19B-5993352CB1D9-300x198.jpeg 300w, https:\/\/www.similanratsutila.fi\/wp-content\/uploads\/2019\/02\/83E5D1DC-4818-448A-A19B-5993352CB1D9-768x507.jpeg 768w, https:\/\/www.similanratsutila.fi\/wp-content\/uploads\/2019\/02\/83E5D1DC-4818-448A-A19B-5993352CB1D9.jpeg 2048w\" sizes=\"auto, (max-width: 898px) 100vw, 898px\" \/><\/a><\/figure>\n\n\n\n<figure class=\"wp-block-image size-full\"><a href=\"https:\/\/www.similanratsutila.fi\/wp-content\/uploads\/2022\/01\/7F4BDC6C-FA9E-44DF-B82C-4B8ACDBD012E.jpeg\"><img loading=\"lazy\" decoding=\"async\" width=\"867\" height=\"666\" src=\"https:\/\/www.similanratsutila.fi\/wp-content\/uploads\/2022\/01\/7F4BDC6C-FA9E-44DF-B82C-4B8ACDBD012E.jpeg\" alt=\"\" class=\"wp-image-1177\" srcset=\"https:\/\/www.similanratsutila.fi\/wp-content\/uploads\/2022\/01\/7F4BDC6C-FA9E-44DF-B82C-4B8ACDBD012E.jpeg 867w, https:\/\/www.similanratsutila.fi\/wp-content\/uploads\/2022\/01\/7F4BDC6C-FA9E-44DF-B82C-4B8ACDBD012E-300x230.jpeg 300w, https:\/\/www.similanratsutila.fi\/wp-content\/uploads\/2022\/01\/7F4BDC6C-FA9E-44DF-B82C-4B8ACDBD012E-768x590.jpeg 768w\" sizes=\"auto, (max-width: 867px) 100vw, 867px\" \/><\/a><\/figure>\n","protected":false},"excerpt":{"rendered":"<p>\u00a0 Balanssi-Toivo 1.7.2015 Anssi i R. T. Kajaus e Barbaralli ei Patrik Anssi on yst\u00e4v\u00e4llinen ja rohkea nuori. Anssi on koulutettu ja kilpaillut aluetasolla HeA luokissa Anssilla on aina hyv\u00e4 p\u00e4iv\u00e4! \u00a0<\/p>\n","protected":false},"author":2,"featured_media":0,"parent":31,"menu_order":0,"comment_status":"closed","ping_status":"closed","template":"","meta":{"footnotes":""},"class_list":["post-905","page","type-page","status-publish","hentry"],"_links":{"self":[{"href":"https:\/\/www.similanratsutila.fi\/index.php?rest_route=\/wp\/v2\/pages\/905","targetHints":{"allow":["GET"]}}],"collection":[{"href":"https:\/\/www.similanratsutila.fi\/index.php?rest_route=\/wp\/v2\/pages"}],"about":[{"href":"https:\/\/www.similanratsutila.fi\/index.php?rest_route=\/wp\/v2\/types\/page"}],"author":[{"embeddable":true,"href":"https:\/\/www.similanratsutila.fi\/index.php?rest_route=\/wp\/v2\/users\/2"}],"replies":[{"embeddable":true,"href":"https:\/\/www.similanratsutila.fi\/index.php?rest_route=%2Fwp%2Fv2%2Fcomments&post=905"}],"version-history":[{"count":5,"href":"https:\/\/www.similanratsutila.fi\/index.php?rest_route=\/wp\/v2\/pages\/905\/revisions"}],"predecessor-version":[{"id":1319,"href":"https:\/\/www.similanratsutila.fi\/index.php?rest_route=\/wp\/v2\/pages\/905\/revisions\/1319"}],"up":[{"embeddable":true,"href":"https:\/\/www.similanratsutila.fi\/index.php?rest_route=\/wp\/v2\/pages\/31"}],"wp:attachment":[{"href":"https:\/\/www.similanratsutila.fi\/index.php?rest_route=%2Fwp%2Fv2%2Fmedia&parent=905"}],"curies":[{"name":"wp","href":"https:\/\/api.w.org\/{rel}","templated":true}]}}