{"id":850,"date":"2018-09-22T00:14:05","date_gmt":"2018-09-21T21:14:05","guid":{"rendered":"http:\/\/www.similanratsutila.fi\/?page_id=850"},"modified":"2018-09-22T00:14:05","modified_gmt":"2018-09-21T21:14:05","slug":"tietosuoja","status":"publish","type":"page","link":"https:\/\/www.similanratsutila.fi\/?page_id=850","title":{"rendered":"Tietosuoja"},"content":{"rendered":"<p>Henkil\u00f6tietolakiin (523\/1999) 10 \u00a7 perustuva rekisteriseloste:<\/p>\n<p>Rekisterinpit\u00e4j\u00e4: Simil\u00e4 Ratsutila 1651082-2, Simil\u00e4n Rantatie 18, 30100 Forssa, puh. 040 5731978, e-mail: similanratsutila@gmail.com<\/p>\n<p>Yhteyshenkil\u00f6 rekisteri\u00e4 koskevissa asioissa: Mari Simil\u00e4<\/p>\n<p>Rekisterin nimi: Asiakasrekisteri<\/p>\n<p>Henkil\u00f6tietojen k\u00e4sittelyn tarkoitus: Asiakkaalle sopivien ja turvallisten tuotteiden l\u00f6yt\u00e4minen, yhteydenpito asiakkaaseen, laskutus s\u00e4hk\u00f6postin kautta.<\/p>\n<p>Rekisterin tietosis\u00e4lt\u00f6: Asiakkaan nimi, osoite, koko ja ratsastuksen taitotaso, rekister\u00f6ityminen j\u00e4seneksi, puhelinnumero ja s\u00e4hk\u00f6postiosoite (mik\u00e4li asiakas luovuttaa yrityksen k\u00e4ytt\u00f6\u00f6n puhelinnumeronsa ja s\u00e4hk\u00f6postiosoitteensa, h\u00e4n samalla hyv\u00e4ksyy niiden luovutuksen, mutta vain yrityksen sis\u00e4iseen k\u00e4ytt\u00f6\u00f6n).<\/p>\n<p>S\u00e4\u00e4nn\u00f6nmukaiset tietol\u00e4hteet: Asiakkaan itse antamat tiedot.<\/p>\n<p>Tietojen s\u00e4\u00e4nn\u00f6nmukaiset luovutukset: Asiakkaan tietoja ei luovuteta muille ilman h\u00e4nen nimenomaista lupaansa tai toivomustansa.<\/p>\n<p>Tietojen siirto EU:n tai ETA:n ulkopuolelle: ks. ed.<\/p>\n<p>Rekisterin suojauksen periaatteet: Manuaalinen aineisto s\u00e4ilytet\u00e4\u00e4n yrityksen tiloissa lukollisessa kaapissa, ATK:lla k\u00e4sitelt\u00e4v\u00e4t tiedot s\u00e4ilytet\u00e4\u00e4n varausj\u00e4rjestelm\u00e4n rekisteriss\u00e4, johon on p\u00e4\u00e4sy vain henkil\u00f6kunnan tiet\u00e4mill\u00e4 tunnuksilla.<\/p>\n","protected":false},"excerpt":{"rendered":"<p>Henkil\u00f6tietolakiin (523\/1999) 10 \u00a7 perustuva rekisteriseloste: Rekisterinpit\u00e4j\u00e4: Simil\u00e4 Ratsutila 1651082-2, Simil\u00e4n Rantatie 18, 30100 Forssa, puh. 040 5731978, e-mail: similanratsutila@gmail.com Yhteyshenkil\u00f6 rekisteri\u00e4 koskevissa asioissa: Mari Simil\u00e4 Rekisterin nimi: Asiakasrekisteri Henkil\u00f6tietojen k\u00e4sittelyn tarkoitus: Asiakkaalle sopivien ja turvallisten tuotteiden l\u00f6yt\u00e4minen, yhteydenpito asiakkaaseen, laskutus s\u00e4hk\u00f6postin kautta. Rekisterin tietosis\u00e4lt\u00f6: Asiakkaan nimi, osoite, koko ja ratsastuksen taitotaso, rekister\u00f6ityminen j\u00e4seneksi, puhelinnumero [&hellip;]<\/p>\n","protected":false},"author":2,"featured_media":0,"parent":0,"menu_order":0,"comment_status":"closed","ping_status":"closed","template":"","meta":{"footnotes":""},"class_list":["post-850","page","type-page","status-publish","hentry"],"_links":{"self":[{"href":"https:\/\/www.similanratsutila.fi\/index.php?rest_route=\/wp\/v2\/pages\/850","targetHints":{"allow":["GET"]}}],"collection":[{"href":"https:\/\/www.similanratsutila.fi\/index.php?rest_route=\/wp\/v2\/pages"}],"about":[{"href":"https:\/\/www.similanratsutila.fi\/index.php?rest_route=\/wp\/v2\/types\/page"}],"author":[{"embeddable":true,"href":"https:\/\/www.similanratsutila.fi\/index.php?rest_route=\/wp\/v2\/users\/2"}],"replies":[{"embeddable":true,"href":"https:\/\/www.similanratsutila.fi\/index.php?rest_route=%2Fwp%2Fv2%2Fcomments&post=850"}],"version-history":[{"count":1,"href":"https:\/\/www.similanratsutila.fi\/index.php?rest_route=\/wp\/v2\/pages\/850\/revisions"}],"predecessor-version":[{"id":851,"href":"https:\/\/www.similanratsutila.fi\/index.php?rest_route=\/wp\/v2\/pages\/850\/revisions\/851"}],"wp:attachment":[{"href":"https:\/\/www.similanratsutila.fi\/index.php?rest_route=%2Fwp%2Fv2%2Fmedia&parent=850"}],"curies":[{"name":"wp","href":"https:\/\/api.w.org\/{rel}","templated":true}]}}