{"id":76,"date":"2013-12-11T14:31:52","date_gmt":"2013-12-11T12:31:52","guid":{"rendered":"http:\/\/simila.mainostoimistomuu.fi\/?page_id=76"},"modified":"2022-07-23T05:20:54","modified_gmt":"2022-07-23T02:20:54","slug":"rico","status":"publish","type":"page","link":"https:\/\/www.similanratsutila.fi\/?page_id=76","title":{"rendered":"\u00c5sa"},"content":{"rendered":"<p><a href=\"http:\/\/www.similanratsutila.fi\/wp-content\/uploads\/2013\/12\/IMG_1390.jpg\" rel=\"attachment wp-att-603\"><br \/>\n\u00c5kaers Desire<\/a><\/p>\n<p>s. 2004<\/p>\n<p>i. De Noir<\/p>\n<p>ei. Lanthan<\/p>\n<p>\u00c5sa on tallin etuoikeutettu diiva.<\/p>\n<p>\u00c5sa on kilpaillut Small Tour kilpailusarjaa Inter I tasolla<\/p>\n<p>Marin silm\u00e4ter\u00e4 ja yst\u00e4v\u00e4 treeneihin ja kisoihin<\/p>\n<p><a href=\"https:\/\/www.similanratsutila.fi\/wp-content\/uploads\/2022\/07\/akaers-desire-0066.jpg\"><img loading=\"lazy\" decoding=\"async\" class=\"alignnone size-medium wp-image-1369\" src=\"https:\/\/www.similanratsutila.fi\/wp-content\/uploads\/2022\/07\/akaers-desire-0066-300x200.jpg\" alt=\"\" width=\"300\" height=\"200\" srcset=\"https:\/\/www.similanratsutila.fi\/wp-content\/uploads\/2022\/07\/akaers-desire-0066-300x200.jpg 300w, https:\/\/www.similanratsutila.fi\/wp-content\/uploads\/2022\/07\/akaers-desire-0066-1024x683.jpg 1024w, https:\/\/www.similanratsutila.fi\/wp-content\/uploads\/2022\/07\/akaers-desire-0066-768x512.jpg 768w, https:\/\/www.similanratsutila.fi\/wp-content\/uploads\/2022\/07\/akaers-desire-0066.jpg 1200w\" sizes=\"auto, (max-width: 300px) 100vw, 300px\" \/><\/a><a href=\"https:\/\/www.similanratsutila.fi\/wp-content\/uploads\/2022\/07\/akaers-desire-0023.jpg\"><img loading=\"lazy\" decoding=\"async\" class=\"alignnone size-medium wp-image-1368\" src=\"https:\/\/www.similanratsutila.fi\/wp-content\/uploads\/2022\/07\/akaers-desire-0023-300x200.jpg\" alt=\"\" width=\"300\" height=\"200\" srcset=\"https:\/\/www.similanratsutila.fi\/wp-content\/uploads\/2022\/07\/akaers-desire-0023-300x200.jpg 300w, https:\/\/www.similanratsutila.fi\/wp-content\/uploads\/2022\/07\/akaers-desire-0023-1024x683.jpg 1024w, https:\/\/www.similanratsutila.fi\/wp-content\/uploads\/2022\/07\/akaers-desire-0023-768x512.jpg 768w, https:\/\/www.similanratsutila.fi\/wp-content\/uploads\/2022\/07\/akaers-desire-0023.jpg 1200w\" sizes=\"auto, (max-width: 300px) 100vw, 300px\" \/><\/a><\/p>\n","protected":false},"excerpt":{"rendered":"<p>\u00c5kaers Desire s. 2004 i. De Noir ei. Lanthan \u00c5sa on tallin etuoikeutettu diiva. \u00c5sa on kilpaillut Small Tour kilpailusarjaa Inter I tasolla Marin silm\u00e4ter\u00e4 ja yst\u00e4v\u00e4 treeneihin ja kisoihin<\/p>\n","protected":false},"author":1,"featured_media":0,"parent":66,"menu_order":2,"comment_status":"closed","ping_status":"closed","template":"","meta":{"footnotes":""},"class_list":["post-76","page","type-page","status-publish","hentry"],"_links":{"self":[{"href":"https:\/\/www.similanratsutila.fi\/index.php?rest_route=\/wp\/v2\/pages\/76","targetHints":{"allow":["GET"]}}],"collection":[{"href":"https:\/\/www.similanratsutila.fi\/index.php?rest_route=\/wp\/v2\/pages"}],"about":[{"href":"https:\/\/www.similanratsutila.fi\/index.php?rest_route=\/wp\/v2\/types\/page"}],"author":[{"embeddable":true,"href":"https:\/\/www.similanratsutila.fi\/index.php?rest_route=\/wp\/v2\/users\/1"}],"replies":[{"embeddable":true,"href":"https:\/\/www.similanratsutila.fi\/index.php?rest_route=%2Fwp%2Fv2%2Fcomments&post=76"}],"version-history":[{"count":5,"href":"https:\/\/www.similanratsutila.fi\/index.php?rest_route=\/wp\/v2\/pages\/76\/revisions"}],"predecessor-version":[{"id":1382,"href":"https:\/\/www.similanratsutila.fi\/index.php?rest_route=\/wp\/v2\/pages\/76\/revisions\/1382"}],"up":[{"embeddable":true,"href":"https:\/\/www.similanratsutila.fi\/index.php?rest_route=\/wp\/v2\/pages\/66"}],"wp:attachment":[{"href":"https:\/\/www.similanratsutila.fi\/index.php?rest_route=%2Fwp%2Fv2%2Fmedia&parent=76"}],"curies":[{"name":"wp","href":"https:\/\/api.w.org\/{rel}","templated":true}]}}