{"id":276,"date":"2014-10-02T00:58:40","date_gmt":"2014-10-01T21:58:40","guid":{"rendered":"http:\/\/simila.mainostoimistomuu.fi\/?page_id=276"},"modified":"2024-03-18T12:07:22","modified_gmt":"2024-03-18T10:07:22","slug":"historia","status":"publish","type":"page","link":"https:\/\/www.similanratsutila.fi\/?page_id=276","title":{"rendered":"Historia"},"content":{"rendered":"<p><a href=\"http:\/\/www.similanratsutila.fi\/wp-content\/uploads\/2014\/10\/IMG_1079-e1490110944602.jpg\" rel=\"attachment wp-att-635\"><img loading=\"lazy\" decoding=\"async\" class=\"size-medium wp-image-635 alignleft\" src=\"http:\/\/www.similanratsutila.fi\/wp-content\/uploads\/2014\/10\/IMG_1079-e1490110944602-300x300.jpg\" alt=\"IMG_1079\" width=\"300\" height=\"300\" srcset=\"https:\/\/www.similanratsutila.fi\/wp-content\/uploads\/2014\/10\/IMG_1079-e1490110944602-300x300.jpg 300w, https:\/\/www.similanratsutila.fi\/wp-content\/uploads\/2014\/10\/IMG_1079-e1490110944602-150x150.jpg 150w, https:\/\/www.similanratsutila.fi\/wp-content\/uploads\/2014\/10\/IMG_1079-e1490110944602-768x768.jpg 768w, https:\/\/www.similanratsutila.fi\/wp-content\/uploads\/2014\/10\/IMG_1079-e1490110944602-1024x1024.jpg 1024w, https:\/\/www.similanratsutila.fi\/wp-content\/uploads\/2014\/10\/IMG_1079-e1490110944602.jpg 1936w\" sizes=\"auto, (max-width: 300px) 100vw, 300px\" \/><\/a><\/p>\n<p>\u00a0<\/p>\n<p>\u00a0<\/p>\n<p>\u00a0<\/p>\n<p>\u00a0<\/p>\n<p>\u00a0<\/p>\n<p>\u00a0<\/p>\n<p>\u00a0<\/p>\n<p style=\"text-align: left;\">Alussa oli Simil\u00e4n maatila, suomenhevoset olivat osana maatilan t\u00f6it\u00e4.<\/p>\n<p>Kodikas, l\u00e4mminhenkinen tallirakennus on vuosien saatossa 1950-luvulta alkaen muokkautunut ajan tarpeisiin sopivaksi.<\/p>\n<p>Samana vuonna kun Mari syntyi, tilalle tuli ensimm\u00e4inen poni. Russ poni M.N. Rurik muutti Tiina-siskon yst\u00e4v\u00e4ksi.<\/p>\n<p>Ensimm\u00e4inen oma poni, Daisy II, tuli Ruotsista Simil\u00e4\u00e4n syksyll\u00e4 1985.<\/p>\n<p>Hevosm\u00e4\u00e4r\u00e4n v\u00e4hitellen kasvaessa, ensimm\u00e4iset ratsastustunnit aloitettiin 1994.<\/p>\n<p>Simil\u00e4n Ratsutila on my\u00f6s kasvattanut hevosia, vuosina 1991-&gt;<\/p>\n<p>SRL:n hyv\u00e4ksynt\u00e4 harrastetalliksi tuli 1998, SRL hyv\u00e4ksynt\u00e4 ratsastuskouluksi tuli 2003.<\/p>\n<p>Mari on kouluttautunut Yp\u00e4j\u00e4n Hevosopistolla monimuotona ty\u00f6n ohessa:<\/p>\n<p>harrasteohjaaja 1998<\/p>\n<p>ratsastuksenohjaaja 2003<\/p>\n<p>ratsastuksenopettaja 2006<\/p>\n<p>ratsastuksenopettajan erikoisammattitutkinto, master 2012<\/p>\n<p>hevosavusteinen sosiaalipedagogikka ohjaajakoulutus 2017<\/p>\n<p>vammaisratsastuksen peruskurssi 2017<\/p>\n<p>valmentaja II tutkinto 2017<\/p>\n\n\n<figure class=\"wp-block-image size-full\"><a href=\"https:\/\/www.similanratsutila.fi\/wp-content\/uploads\/2022\/01\/CE3DF396-9117-47DA-8C4A-C89C968DDCD8.jpeg\"><img loading=\"lazy\" decoding=\"async\" width=\"583\" height=\"942\" src=\"https:\/\/www.similanratsutila.fi\/wp-content\/uploads\/2022\/01\/CE3DF396-9117-47DA-8C4A-C89C968DDCD8.jpeg\" alt=\"\" class=\"wp-image-1203\" srcset=\"https:\/\/www.similanratsutila.fi\/wp-content\/uploads\/2022\/01\/CE3DF396-9117-47DA-8C4A-C89C968DDCD8.jpeg 583w, https:\/\/www.similanratsutila.fi\/wp-content\/uploads\/2022\/01\/CE3DF396-9117-47DA-8C4A-C89C968DDCD8-186x300.jpeg 186w\" sizes=\"auto, (max-width: 583px) 100vw, 583px\" \/><\/a><figcaption class=\"wp-element-caption\">Urpo Simil\u00e4, Marin isois\u00e4<\/figcaption><\/figure>\n\n\n\n<figure class=\"wp-block-image size-full\"><a href=\"https:\/\/www.similanratsutila.fi\/wp-content\/uploads\/2022\/01\/6F9FB306-3533-494F-B307-19760A715A11.jpeg\"><img loading=\"lazy\" decoding=\"async\" width=\"494\" height=\"723\" src=\"https:\/\/www.similanratsutila.fi\/wp-content\/uploads\/2022\/01\/6F9FB306-3533-494F-B307-19760A715A11.jpeg\" alt=\"\" class=\"wp-image-1204\" srcset=\"https:\/\/www.similanratsutila.fi\/wp-content\/uploads\/2022\/01\/6F9FB306-3533-494F-B307-19760A715A11.jpeg 494w, https:\/\/www.similanratsutila.fi\/wp-content\/uploads\/2022\/01\/6F9FB306-3533-494F-B307-19760A715A11-205x300.jpeg 205w\" sizes=\"auto, (max-width: 494px) 100vw, 494px\" \/><\/a><figcaption class=\"wp-element-caption\">Mikko Simil\u00e4, Marin is\u00e4<\/figcaption><\/figure>\n\n\n\n<figure class=\"wp-block-image size-full\"><a href=\"https:\/\/www.similanratsutila.fi\/wp-content\/uploads\/2022\/01\/41668720-171E-44AC-91D8-8670E9629376.jpeg\"><img loading=\"lazy\" decoding=\"async\" width=\"560\" height=\"750\" src=\"https:\/\/www.similanratsutila.fi\/wp-content\/uploads\/2022\/01\/41668720-171E-44AC-91D8-8670E9629376.jpeg\" alt=\"\" class=\"wp-image-1112\" srcset=\"https:\/\/www.similanratsutila.fi\/wp-content\/uploads\/2022\/01\/41668720-171E-44AC-91D8-8670E9629376.jpeg 560w, https:\/\/www.similanratsutila.fi\/wp-content\/uploads\/2022\/01\/41668720-171E-44AC-91D8-8670E9629376-224x300.jpeg 224w\" sizes=\"auto, (max-width: 560px) 100vw, 560px\" \/><\/a><figcaption class=\"wp-element-caption\">Pihapiirin vanhimmat rakennukset ovat Urpo Simil\u00e4n rakentamia.<br>Uusimmat rakennukset ovat Mikko Simil\u00e4n rakentamia.<\/figcaption><\/figure>\n\n\n\n<figure class=\"wp-block-image size-full\"><a href=\"https:\/\/www.similanratsutila.fi\/wp-content\/uploads\/2022\/01\/2E1F8768-9507-40E8-B8AF-B87CBFCEDEFD.jpeg\"><img loading=\"lazy\" decoding=\"async\" width=\"560\" height=\"750\" src=\"https:\/\/www.similanratsutila.fi\/wp-content\/uploads\/2022\/01\/2E1F8768-9507-40E8-B8AF-B87CBFCEDEFD.jpeg\" alt=\"\" class=\"wp-image-1142\" srcset=\"https:\/\/www.similanratsutila.fi\/wp-content\/uploads\/2022\/01\/2E1F8768-9507-40E8-B8AF-B87CBFCEDEFD.jpeg 560w, https:\/\/www.similanratsutila.fi\/wp-content\/uploads\/2022\/01\/2E1F8768-9507-40E8-B8AF-B87CBFCEDEFD-224x300.jpeg 224w\" sizes=\"auto, (max-width: 560px) 100vw, 560px\" \/><\/a><\/figure>\n\n\n","protected":false},"excerpt":{"rendered":"<p>\u00a0 \u00a0 \u00a0 \u00a0 \u00a0 \u00a0 \u00a0 Alussa oli Simil\u00e4n maatila, suomenhevoset olivat osana maatilan t\u00f6it\u00e4. Kodikas, l\u00e4mminhenkinen tallirakennus on vuosien saatossa 1950-luvulta alkaen muokkautunut ajan tarpeisiin sopivaksi. Samana vuonna kun Mari syntyi, tilalle tuli ensimm\u00e4inen poni. Russ poni M.N. Rurik muutti Tiina-siskon yst\u00e4v\u00e4ksi. Ensimm\u00e4inen oma poni, Daisy II, tuli Ruotsista Simil\u00e4\u00e4n syksyll\u00e4 1985. Hevosm\u00e4\u00e4r\u00e4n [&hellip;]<\/p>\n","protected":false},"author":1,"featured_media":0,"parent":0,"menu_order":8,"comment_status":"closed","ping_status":"open","template":"","meta":{"footnotes":""},"class_list":["post-276","page","type-page","status-publish","hentry"],"_links":{"self":[{"href":"https:\/\/www.similanratsutila.fi\/index.php?rest_route=\/wp\/v2\/pages\/276","targetHints":{"allow":["GET"]}}],"collection":[{"href":"https:\/\/www.similanratsutila.fi\/index.php?rest_route=\/wp\/v2\/pages"}],"about":[{"href":"https:\/\/www.similanratsutila.fi\/index.php?rest_route=\/wp\/v2\/types\/page"}],"author":[{"embeddable":true,"href":"https:\/\/www.similanratsutila.fi\/index.php?rest_route=\/wp\/v2\/users\/1"}],"replies":[{"embeddable":true,"href":"https:\/\/www.similanratsutila.fi\/index.php?rest_route=%2Fwp%2Fv2%2Fcomments&post=276"}],"version-history":[{"count":5,"href":"https:\/\/www.similanratsutila.fi\/index.php?rest_route=\/wp\/v2\/pages\/276\/revisions"}],"predecessor-version":[{"id":1470,"href":"https:\/\/www.similanratsutila.fi\/index.php?rest_route=\/wp\/v2\/pages\/276\/revisions\/1470"}],"wp:attachment":[{"href":"https:\/\/www.similanratsutila.fi\/index.php?rest_route=%2Fwp%2Fv2%2Fmedia&parent=276"}],"curies":[{"name":"wp","href":"https:\/\/api.w.org\/{rel}","templated":true}]}}