{"id":2,"date":"2013-12-11T09:52:12","date_gmt":"2013-12-11T07:52:12","guid":{"rendered":"http:\/\/simila.mainostoimistomuu.fi\/?page_id=2"},"modified":"2022-07-23T04:03:17","modified_gmt":"2022-07-23T01:03:17","slug":"etusivu","status":"publish","type":"page","link":"https:\/\/www.similanratsutila.fi\/","title":{"rendered":"Etusivu"},"content":{"rendered":"<p><!--more--><\/p>\n<h2 style=\"text-align: center;\"><a href=\"https:\/\/www.similanratsutila.fi\/wp-content\/uploads\/2022\/02\/lily-of-oaklands-9731.jpg\"><img loading=\"lazy\" decoding=\"async\" class=\"alignnone size-medium wp-image-1331\" src=\"https:\/\/www.similanratsutila.fi\/wp-content\/uploads\/2022\/02\/lily-of-oaklands-9731-232x300.jpg\" alt=\"\" width=\"232\" height=\"300\" srcset=\"https:\/\/www.similanratsutila.fi\/wp-content\/uploads\/2022\/02\/lily-of-oaklands-9731-232x300.jpg 232w, https:\/\/www.similanratsutila.fi\/wp-content\/uploads\/2022\/02\/lily-of-oaklands-9731.jpg 612w\" sizes=\"auto, (max-width: 232px) 100vw, 232px\" \/><\/a><\/h2>\n<h2>Tervetuloa Simil\u00e4n Ratsutilalle!<\/h2>\n<p>Ratsastuksen opetusta ammattitaidolla jo 1998 alkaen.<\/p>\n<p>Simil\u00e4n Ratsutilan toiminnassa keskityt\u00e4\u00e4n laatuun ja turvallisuuteen. Henkil\u00f6kuntamme on koulutettua ja opetushevoset ovat kokeneita.<\/p>\n<p>Tarjoamme ratsastusta kaiken ik\u00e4isille. Meill\u00e4 on sopivia hevosia ja poneja sek\u00e4 kokemattomille ett\u00e4 kokeneille ratsastajille.<\/p>\n<p>Simil\u00e4n Ratsutilalla opetus suuntautuu kouluratsastukseen.<\/p>\n<p>Esteopetukseen voit osallistua omalla hevosella\/ponilla. &nbsp;Asiakkaillamme on my\u00f6s mahdollisuus osallistua opetushevosilla sek\u00e4 ratsastuskoulun ett\u00e4 seuramme (<a title=\"SiRu\" href=\"http:\/\/www.similanratsutila.fi\/?page_id=14\">SiRu<\/a>) j\u00e4rjest\u00e4miin kilpailuihin. Meill\u00e4 k\u00e4y my\u00f6s ulkopuolisia kouluvalmentajia s\u00e4\u00e4nn\u00f6llisesti, tiedustele lis\u00e4\u00e4 Marilta.<\/p>\n<h2>&nbsp;<\/h2>\n<p>Simil\u00e4n Ratsutila on Suomen Ratsastajainliiton (SRL) hyv\u00e4ksym\u00e4&nbsp;ja valvoma ratsastuskoulu.<\/p>\n<p>Ratsastajat eiv\u00e4t ole vakuutettuja Simil\u00e4n Ratsutilan&nbsp;puolesta. Vakuutussuojan saamiseksi&nbsp;liity ratsastusseuraamme Simil\u00e4n Ratsastusurheilijat (SRL:n ratsastusseura) tai hanki&nbsp;Green Card -kortin; www.ratsastus.fi<\/p>\n<p><i>Simil\u00e4n Ratsutila sijaitsee Pyh\u00e4j\u00e4rven rannalla, Tammelan kunnassa, n. 7 km:n p\u00e4\u00e4ss\u00e4 Tammelan ja Forssan keskustasta.<\/i><\/p>\n<p><i>N\u00e4hd\u00e4\u00e4n Simil\u00e4n Ratsutilalla!<\/i><\/p>\n<p><iframe loading=\"lazy\" title=\"Simil\u00e4n Ratsutila\" width=\"500\" height=\"375\" src=\"https:\/\/www.youtube.com\/embed\/OX0Yr9bV_oY?feature=oembed\" frameborder=\"0\" allow=\"accelerometer; autoplay; clipboard-write; encrypted-media; gyroscope; picture-in-picture; web-share\" referrerpolicy=\"strict-origin-when-cross-origin\" allowfullscreen><\/iframe><\/p>\n\n","protected":false},"excerpt":{"rendered":"","protected":false},"author":1,"featured_media":0,"parent":0,"menu_order":1,"comment_status":"closed","ping_status":"closed","template":"","meta":{"footnotes":""},"class_list":["post-2","page","type-page","status-publish","hentry"],"_links":{"self":[{"href":"https:\/\/www.similanratsutila.fi\/index.php?rest_route=\/wp\/v2\/pages\/2","targetHints":{"allow":["GET"]}}],"collection":[{"href":"https:\/\/www.similanratsutila.fi\/index.php?rest_route=\/wp\/v2\/pages"}],"about":[{"href":"https:\/\/www.similanratsutila.fi\/index.php?rest_route=\/wp\/v2\/types\/page"}],"author":[{"embeddable":true,"href":"https:\/\/www.similanratsutila.fi\/index.php?rest_route=\/wp\/v2\/users\/1"}],"replies":[{"embeddable":true,"href":"https:\/\/www.similanratsutila.fi\/index.php?rest_route=%2Fwp%2Fv2%2Fcomments&post=2"}],"version-history":[{"count":5,"href":"https:\/\/www.similanratsutila.fi\/index.php?rest_route=\/wp\/v2\/pages\/2\/revisions"}],"predecessor-version":[{"id":1346,"href":"https:\/\/www.similanratsutila.fi\/index.php?rest_route=\/wp\/v2\/pages\/2\/revisions\/1346"}],"wp:attachment":[{"href":"https:\/\/www.similanratsutila.fi\/index.php?rest_route=%2Fwp%2Fv2%2Fmedia&parent=2"}],"curies":[{"name":"wp","href":"https:\/\/api.w.org\/{rel}","templated":true}]}}